{"id":189033,"date":"2020-10-09T10:17:33","date_gmt":"2020-10-09T08:17:33","guid":{"rendered":"https:\/\/www.hosgreta.se\/shop\/?post_type=product&#038;p=189033"},"modified":"2025-03-17T12:41:09","modified_gmt":"2025-03-17T11:41:09","slug":"grafitgra-bricka-dimma-kantig","status":"publish","type":"product","link":"https:\/\/www.hosgreta.se\/shop\/produkt\/grafitgra-bricka-dimma-kantig\/","title":{"rendered":"Grafitgr\u00e5 Bricka Dimma kantig"},"content":{"rendered":"<p>Storlek: 15&#215;32 cm <\/p>\n<p>Vi f\u00e5r vandra bland moln. I ett kort \u00f6gonblick f\u00e5r vi bli en del av himlen. V\u00e5r v\u00e4rld besl\u00f6jas och himlen kommer oss n\u00e4ra. V\u00e5r verklighet suddas ut. I dimman tar himlen oss i famn. Allt stillas h\u00e4r. Det tydliga blir pl\u00f6tsligt dr\u00f6mmande diffust och kvar blir aningen. Vi kan ana n\u00e5got. H\u00e4r v\u00e4cks tillf\u00f6rlitlighet och nyfikenhet. Vi f\u00e5r lita p\u00e5 vad hj\u00e4rtat s\u00e4ger, g\u00e5 trots att v\u00e4gen inte syns. Dimman blir ett rum f\u00f6r hela skapelsen att m\u00f6tas i. H\u00e4r stannar tiden. Bland droppar av vatten och frisk vind h\u00f6r vi hur n\u00e5gon viskar om nytt liv. Det \u00e4r som vi f\u00e5r andas in friheten. Igen och igen. Dimman kommer f\u00f6r att omsluta oss och kanske p\u00e5minna oss om n\u00e4rheten som alltid finns. P\u00e5 s\u00e5 vis blir dimman en h\u00e4lsning som n\u00e5r enda fram till v\u00e5r sj\u00e4l.<\/p>\n","protected":false},"excerpt":{"rendered":"<p>Serveringsbricka i gr\u00e5tt med v\u00e5rt sigill i h\u00f6rnet. Perfekt som tapasbricka eller frukost- och fikabricka till en person, eller som fin dekoration p\u00e5 hyllan i k\u00f6ket. T\u00e5l maskindisk och \u00e4r tillverkad i Sverige.<\/p>\n","protected":false},"featured_media":201271,"comment_status":"closed","ping_status":"closed","template":"","meta":[],"pwb-brand":[196],"product_brand":[],"product_cat":[131,74,108],"product_tag":[],"class_list":{"0":"post-189033","1":"product","2":"type-product","3":"status-publish","4":"has-post-thumbnail","6":"pwb-brand-grafitgra","7":"product_cat-brickor","8":"product_cat-inredning","9":"product_cat-for-koket","11":"first","12":"outofstock","13":"taxable","14":"shipping-taxable","15":"purchasable","16":"product-type-simple"},"yoast_head":"<!-- This site is optimized with the Yoast SEO plugin v27.4 - https:\/\/yoast.com\/product\/yoast-seo-wordpress\/ -->\n<title>Grafitgr\u00e5 Bricka Dimma kantig - Hos Greta<\/title>\n<meta name=\"robots\" content=\"index, follow, max-snippet:-1, max-image-preview:large, max-video-preview:-1\" \/>\n<link rel=\"canonical\" href=\"https:\/\/www.hosgreta.se\/shop\/produkt\/grafitgra-bricka-dimma-kantig\/\" \/>\n<meta property=\"og:locale\" content=\"sv_SE\" \/>\n<meta property=\"og:type\" content=\"article\" \/>\n<meta property=\"og:title\" content=\"Grafitgr\u00e5 Bricka Dimma kantig - Hos Greta\" \/>\n<meta property=\"og:description\" content=\"Serveringsbricka i gr\u00e5tt med v\u00e5rt sigill i h\u00f6rnet. Perfekt som tapasbricka eller frukost- och fikabricka till en person, eller som fin dekoration p\u00e5 hyllan i k\u00f6ket. T\u00e5l maskindisk och \u00e4r tillverkad i Sverige.\" \/>\n<meta property=\"og:url\" content=\"https:\/\/www.hosgreta.se\/shop\/produkt\/grafitgra-bricka-dimma-kantig\/\" \/>\n<meta property=\"og:site_name\" content=\"Hos Greta\" \/>\n<meta property=\"article:publisher\" content=\"https:\/\/www.facebook.com\/hosgreta\" \/>\n<meta property=\"article:modified_time\" content=\"2025-03-17T11:41:09+00:00\" \/>\n<meta property=\"og:image\" content=\"https:\/\/www.hosgreta.se\/shop\/wp-content\/uploads\/2020\/11\/Grafitgra-Bricka-Dimma-kantig.png\" \/>\n\t<meta property=\"og:image:width\" content=\"800\" \/>\n\t<meta property=\"og:image:height\" content=\"800\" \/>\n\t<meta property=\"og:image:type\" content=\"image\/png\" \/>\n<meta name=\"twitter:card\" content=\"summary_large_image\" \/>\n<meta name=\"twitter:label1\" content=\"Ber\u00e4knad l\u00e4stid\" \/>\n\t<meta name=\"twitter:data1\" content=\"1 minut\" \/>\n<script type=\"application\/ld+json\" class=\"yoast-schema-graph\">{\"@context\":\"https:\\\/\\\/schema.org\",\"@graph\":[{\"@type\":\"WebPage\",\"@id\":\"https:\\\/\\\/www.hosgreta.se\\\/shop\\\/produkt\\\/grafitgra-bricka-dimma-kantig\\\/\",\"url\":\"https:\\\/\\\/www.hosgreta.se\\\/shop\\\/produkt\\\/grafitgra-bricka-dimma-kantig\\\/\",\"name\":\"Grafitgr\u00e5 Bricka Dimma kantig - Hos Greta\",\"isPartOf\":{\"@id\":\"https:\\\/\\\/www.hosgreta.se\\\/shop\\\/#website\"},\"primaryImageOfPage\":{\"@id\":\"https:\\\/\\\/www.hosgreta.se\\\/shop\\\/produkt\\\/grafitgra-bricka-dimma-kantig\\\/#primaryimage\"},\"image\":{\"@id\":\"https:\\\/\\\/www.hosgreta.se\\\/shop\\\/produkt\\\/grafitgra-bricka-dimma-kantig\\\/#primaryimage\"},\"thumbnailUrl\":\"https:\\\/\\\/www.hosgreta.se\\\/shop\\\/wp-content\\\/uploads\\\/2020\\\/11\\\/Grafitgra-Bricka-Dimma-kantig.png\",\"datePublished\":\"2020-10-09T08:17:33+00:00\",\"dateModified\":\"2025-03-17T11:41:09+00:00\",\"breadcrumb\":{\"@id\":\"https:\\\/\\\/www.hosgreta.se\\\/shop\\\/produkt\\\/grafitgra-bricka-dimma-kantig\\\/#breadcrumb\"},\"inLanguage\":\"sv-SE\",\"potentialAction\":[{\"@type\":\"ReadAction\",\"target\":[\"https:\\\/\\\/www.hosgreta.se\\\/shop\\\/produkt\\\/grafitgra-bricka-dimma-kantig\\\/\"]}]},{\"@type\":\"ImageObject\",\"inLanguage\":\"sv-SE\",\"@id\":\"https:\\\/\\\/www.hosgreta.se\\\/shop\\\/produkt\\\/grafitgra-bricka-dimma-kantig\\\/#primaryimage\",\"url\":\"https:\\\/\\\/www.hosgreta.se\\\/shop\\\/wp-content\\\/uploads\\\/2020\\\/11\\\/Grafitgra-Bricka-Dimma-kantig.png\",\"contentUrl\":\"https:\\\/\\\/www.hosgreta.se\\\/shop\\\/wp-content\\\/uploads\\\/2020\\\/11\\\/Grafitgra-Bricka-Dimma-kantig.png\",\"width\":800,\"height\":800,\"caption\":\"Grafitgr\u00e5 Bricka Dimma kantig\"},{\"@type\":\"BreadcrumbList\",\"@id\":\"https:\\\/\\\/www.hosgreta.se\\\/shop\\\/produkt\\\/grafitgra-bricka-dimma-kantig\\\/#breadcrumb\",\"itemListElement\":[{\"@type\":\"ListItem\",\"position\":1,\"name\":\"Hem\",\"item\":\"https:\\\/\\\/www.hosgreta.se\\\/shop\\\/\"},{\"@type\":\"ListItem\",\"position\":2,\"name\":\"Shop\",\"item\":\"https:\\\/\\\/www.hosgreta.se\\\/shop\\\/shop\\\/\"},{\"@type\":\"ListItem\",\"position\":3,\"name\":\"Grafitgr\u00e5 Bricka Dimma kantig\"}]},{\"@type\":\"WebSite\",\"@id\":\"https:\\\/\\\/www.hosgreta.se\\\/shop\\\/#website\",\"url\":\"https:\\\/\\\/www.hosgreta.se\\\/shop\\\/\",\"name\":\"Hos Greta\",\"description\":\"Vi v\u00e4ljer ut v\u00e5ra varum\u00e4rken med stor omsorg.\",\"publisher\":{\"@id\":\"https:\\\/\\\/www.hosgreta.se\\\/shop\\\/#organization\"},\"potentialAction\":[{\"@type\":\"SearchAction\",\"target\":{\"@type\":\"EntryPoint\",\"urlTemplate\":\"https:\\\/\\\/www.hosgreta.se\\\/shop\\\/?s={search_term_string}\"},\"query-input\":{\"@type\":\"PropertyValueSpecification\",\"valueRequired\":true,\"valueName\":\"search_term_string\"}}],\"inLanguage\":\"sv-SE\"},{\"@type\":\"Organization\",\"@id\":\"https:\\\/\\\/www.hosgreta.se\\\/shop\\\/#organization\",\"name\":\"Hos Greta\",\"url\":\"https:\\\/\\\/www.hosgreta.se\\\/shop\\\/\",\"logo\":{\"@type\":\"ImageObject\",\"inLanguage\":\"sv-SE\",\"@id\":\"https:\\\/\\\/www.hosgreta.se\\\/shop\\\/#\\\/schema\\\/logo\\\/image\\\/\",\"url\":\"https:\\\/\\\/www.hosgreta.se\\\/shop\\\/wp-content\\\/uploads\\\/2018\\\/03\\\/Logo_HosGreta_svart.png\",\"contentUrl\":\"https:\\\/\\\/www.hosgreta.se\\\/shop\\\/wp-content\\\/uploads\\\/2018\\\/03\\\/Logo_HosGreta_svart.png\",\"width\":851,\"height\":851,\"caption\":\"Hos Greta\"},\"image\":{\"@id\":\"https:\\\/\\\/www.hosgreta.se\\\/shop\\\/#\\\/schema\\\/logo\\\/image\\\/\"},\"sameAs\":[\"https:\\\/\\\/www.facebook.com\\\/hosgreta\",\"https:\\\/\\\/www.instagram.com\\\/hosgreta\"]}]}<\/script>\n<!-- \/ Yoast SEO plugin. -->","yoast_head_json":{"title":"Grafitgr\u00e5 Bricka Dimma kantig - Hos Greta","robots":{"index":"index","follow":"follow","max-snippet":"max-snippet:-1","max-image-preview":"max-image-preview:large","max-video-preview":"max-video-preview:-1"},"canonical":"https:\/\/www.hosgreta.se\/shop\/produkt\/grafitgra-bricka-dimma-kantig\/","og_locale":"sv_SE","og_type":"article","og_title":"Grafitgr\u00e5 Bricka Dimma kantig - Hos Greta","og_description":"Serveringsbricka i gr\u00e5tt med v\u00e5rt sigill i h\u00f6rnet. Perfekt som tapasbricka eller frukost- och fikabricka till en person, eller som fin dekoration p\u00e5 hyllan i k\u00f6ket. T\u00e5l maskindisk och \u00e4r tillverkad i Sverige.","og_url":"https:\/\/www.hosgreta.se\/shop\/produkt\/grafitgra-bricka-dimma-kantig\/","og_site_name":"Hos Greta","article_publisher":"https:\/\/www.facebook.com\/hosgreta","article_modified_time":"2025-03-17T11:41:09+00:00","og_image":[{"width":800,"height":800,"url":"https:\/\/www.hosgreta.se\/shop\/wp-content\/uploads\/2020\/11\/Grafitgra-Bricka-Dimma-kantig.png","type":"image\/png"}],"twitter_card":"summary_large_image","twitter_misc":{"Ber\u00e4knad l\u00e4stid":"1 minut"},"schema":{"@context":"https:\/\/schema.org","@graph":[{"@type":"WebPage","@id":"https:\/\/www.hosgreta.se\/shop\/produkt\/grafitgra-bricka-dimma-kantig\/","url":"https:\/\/www.hosgreta.se\/shop\/produkt\/grafitgra-bricka-dimma-kantig\/","name":"Grafitgr\u00e5 Bricka Dimma kantig - Hos Greta","isPartOf":{"@id":"https:\/\/www.hosgreta.se\/shop\/#website"},"primaryImageOfPage":{"@id":"https:\/\/www.hosgreta.se\/shop\/produkt\/grafitgra-bricka-dimma-kantig\/#primaryimage"},"image":{"@id":"https:\/\/www.hosgreta.se\/shop\/produkt\/grafitgra-bricka-dimma-kantig\/#primaryimage"},"thumbnailUrl":"https:\/\/www.hosgreta.se\/shop\/wp-content\/uploads\/2020\/11\/Grafitgra-Bricka-Dimma-kantig.png","datePublished":"2020-10-09T08:17:33+00:00","dateModified":"2025-03-17T11:41:09+00:00","breadcrumb":{"@id":"https:\/\/www.hosgreta.se\/shop\/produkt\/grafitgra-bricka-dimma-kantig\/#breadcrumb"},"inLanguage":"sv-SE","potentialAction":[{"@type":"ReadAction","target":["https:\/\/www.hosgreta.se\/shop\/produkt\/grafitgra-bricka-dimma-kantig\/"]}]},{"@type":"ImageObject","inLanguage":"sv-SE","@id":"https:\/\/www.hosgreta.se\/shop\/produkt\/grafitgra-bricka-dimma-kantig\/#primaryimage","url":"https:\/\/www.hosgreta.se\/shop\/wp-content\/uploads\/2020\/11\/Grafitgra-Bricka-Dimma-kantig.png","contentUrl":"https:\/\/www.hosgreta.se\/shop\/wp-content\/uploads\/2020\/11\/Grafitgra-Bricka-Dimma-kantig.png","width":800,"height":800,"caption":"Grafitgr\u00e5 Bricka Dimma kantig"},{"@type":"BreadcrumbList","@id":"https:\/\/www.hosgreta.se\/shop\/produkt\/grafitgra-bricka-dimma-kantig\/#breadcrumb","itemListElement":[{"@type":"ListItem","position":1,"name":"Hem","item":"https:\/\/www.hosgreta.se\/shop\/"},{"@type":"ListItem","position":2,"name":"Shop","item":"https:\/\/www.hosgreta.se\/shop\/shop\/"},{"@type":"ListItem","position":3,"name":"Grafitgr\u00e5 Bricka Dimma kantig"}]},{"@type":"WebSite","@id":"https:\/\/www.hosgreta.se\/shop\/#website","url":"https:\/\/www.hosgreta.se\/shop\/","name":"Hos Greta","description":"Vi v\u00e4ljer ut v\u00e5ra varum\u00e4rken med stor omsorg.","publisher":{"@id":"https:\/\/www.hosgreta.se\/shop\/#organization"},"potentialAction":[{"@type":"SearchAction","target":{"@type":"EntryPoint","urlTemplate":"https:\/\/www.hosgreta.se\/shop\/?s={search_term_string}"},"query-input":{"@type":"PropertyValueSpecification","valueRequired":true,"valueName":"search_term_string"}}],"inLanguage":"sv-SE"},{"@type":"Organization","@id":"https:\/\/www.hosgreta.se\/shop\/#organization","name":"Hos Greta","url":"https:\/\/www.hosgreta.se\/shop\/","logo":{"@type":"ImageObject","inLanguage":"sv-SE","@id":"https:\/\/www.hosgreta.se\/shop\/#\/schema\/logo\/image\/","url":"https:\/\/www.hosgreta.se\/shop\/wp-content\/uploads\/2018\/03\/Logo_HosGreta_svart.png","contentUrl":"https:\/\/www.hosgreta.se\/shop\/wp-content\/uploads\/2018\/03\/Logo_HosGreta_svart.png","width":851,"height":851,"caption":"Hos Greta"},"image":{"@id":"https:\/\/www.hosgreta.se\/shop\/#\/schema\/logo\/image\/"},"sameAs":["https:\/\/www.facebook.com\/hosgreta","https:\/\/www.instagram.com\/hosgreta"]}]}},"kroconnect":{"tax_rate":25,"price_inc_vat":{"regular_price":229},"price_ex_vat":{"regular_price":183.2}},"brands":[{"id":196,"name":"Grafitgr\u00e5","slug":"grafitgra"}],"_links":{"self":[{"href":"https:\/\/www.hosgreta.se\/shop\/wp-json\/wp\/v2\/product\/189033","targetHints":{"allow":["GET"]}}],"collection":[{"href":"https:\/\/www.hosgreta.se\/shop\/wp-json\/wp\/v2\/product"}],"about":[{"href":"https:\/\/www.hosgreta.se\/shop\/wp-json\/wp\/v2\/types\/product"}],"replies":[{"embeddable":true,"href":"https:\/\/www.hosgreta.se\/shop\/wp-json\/wp\/v2\/comments?post=189033"}],"wp:featuredmedia":[{"embeddable":true,"href":"https:\/\/www.hosgreta.se\/shop\/wp-json\/wp\/v2\/media\/201271"}],"wp:attachment":[{"href":"https:\/\/www.hosgreta.se\/shop\/wp-json\/wp\/v2\/media?parent=189033"}],"wp:term":[{"taxonomy":"pwb-brand","embeddable":true,"href":"https:\/\/www.hosgreta.se\/shop\/wp-json\/wp\/v2\/pwb-brand?post=189033"},{"taxonomy":"product_brand","embeddable":true,"href":"https:\/\/www.hosgreta.se\/shop\/wp-json\/wp\/v2\/product_brand?post=189033"},{"taxonomy":"product_cat","embeddable":true,"href":"https:\/\/www.hosgreta.se\/shop\/wp-json\/wp\/v2\/product_cat?post=189033"},{"taxonomy":"product_tag","embeddable":true,"href":"https:\/\/www.hosgreta.se\/shop\/wp-json\/wp\/v2\/product_tag?post=189033"}],"curies":[{"name":"wp","href":"https:\/\/api.w.org\/{rel}","templated":true}]}}