{"id":223306,"date":"2021-01-27T10:07:22","date_gmt":"2021-01-27T09:07:22","guid":{"rendered":"https:\/\/www.hosgreta.se\/shop\/?post_type=product&#038;p=223306"},"modified":"2026-04-01T10:04:34","modified_gmt":"2026-04-01T08:04:34","slug":"haupt-fucking-fabulos","status":"publish","type":"product","link":"https:\/\/www.hosgreta.se\/shop\/produkt\/haupt-fucking-fabulos\/","title":{"rendered":"Haupt Fucking Fabulos"},"content":{"rendered":"<p>150 g<\/p>\n<p>INGREDIENSER: 65% vit choklad med karamell (kakaosm\u00f6r, socker, helmj\u00f6lkspulver, mj\u00f6lksocker, vasslepulver (mj\u00f6lk), skummj\u00f6lkspulver, brynt socker (2%), emulgeringsmedel (sojalecitin), naturlig vaniljarom, salt, sockersirap, melass, glutenfritt havremj\u00f6l, lakritsextrakt, salmiak, r\u00f6kt havssalt, f\u00e4rg\u00e4mne (vegetabilisk kol). Kakaoinneh\u00e5ll, minst 30,4%.<\/p>\n<p>N\u00c4RINGSV\u00c4RDE<br \/>\nMedelv\u00e4rde per 100 g:<br \/>\nEnergi\t1870kJ\/456 kcal<br \/>\nFett\t            22.5g<br \/>\n&#8211; varav m\u00e4ttat fett 14.2g<br \/>\nKolhydrater\t    53.4g<br \/>\n&#8211; varav socker\t    45.5g<br \/>\nFiber\t            2.56g<br \/>\nProtein\t            7.41g<br \/>\nSalt\t            1.54g<\/p>\n","protected":false},"excerpt":{"rendered":"<p>N\u00e4r 2020 startade var det rej\u00e4lt motigt. De p\u00e5 Haupt Lakrits tvivlade och sj\u00e4lvf\u00f6rtroendet var i botten. Sedan kom Covid-19\u2026<br \/>\n11 anst\u00e4llda blev 5 och de anade v\u00e4rsta t\u00e4nkbara scenario. Men. Tack vare er kunder lyckades de v\u00e4nda p\u00e5 allt.<\/p>\n<p>Tillsammans med v\u00e4rldens mest fantastiska kunder har de skapat ett sortiment olikt alla andra p\u00e5 marknaden. Och de har aldrig haft roligare i fabriken. Fr\u00e5n botten av deras hj\u00e4rtan \u2013 TACK!<br \/>\nNu hyllar de dig f\u00f6r de tycker du \u00e4r FUCKING FABULOUS. Smaka sj\u00e4lv, s\u00e5 f\u00e5r du se.<\/p>\n","protected":false},"featured_media":229295,"comment_status":"closed","ping_status":"closed","template":"","meta":[],"pwb-brand":[305],"product_brand":[],"product_cat":[73],"product_tag":[],"class_list":{"0":"post-223306","1":"product","2":"type-product","3":"status-publish","4":"has-post-thumbnail","6":"pwb-brand-haupt-lakrits","7":"product_cat-laktrits","9":"first","10":"outofstock","11":"taxable","12":"shipping-taxable","13":"purchasable","14":"product-type-simple"},"yoast_head":"<!-- This site is optimized with the Yoast SEO plugin v27.5 - https:\/\/yoast.com\/product\/yoast-seo-wordpress\/ -->\n<title>Haupt Fucking Fabulos - Hos Greta<\/title>\n<meta name=\"robots\" content=\"index, follow, max-snippet:-1, max-image-preview:large, max-video-preview:-1\" \/>\n<link rel=\"canonical\" href=\"https:\/\/www.hosgreta.se\/shop\/produkt\/haupt-fucking-fabulos\/\" \/>\n<meta property=\"og:locale\" content=\"sv_SE\" \/>\n<meta property=\"og:type\" content=\"article\" \/>\n<meta property=\"og:title\" content=\"Haupt Fucking Fabulos - Hos Greta\" \/>\n<meta property=\"og:description\" content=\"N\u00e4r 2020 startade var det rej\u00e4lt motigt. De p\u00e5 Haupt Lakrits tvivlade och sj\u00e4lvf\u00f6rtroendet var i botten. Sedan kom Covid-19\u2026 11 anst\u00e4llda blev 5 och de anade v\u00e4rsta t\u00e4nkbara scenario. Men. Tack vare er kunder lyckades de v\u00e4nda p\u00e5 allt.  Tillsammans med v\u00e4rldens mest fantastiska kunder har de skapat ett sortiment olikt alla andra p\u00e5 marknaden. Och de har aldrig haft roligare i fabriken. Fr\u00e5n botten av deras hj\u00e4rtan \u2013 TACK! Nu hyllar de dig f\u00f6r de tycker du \u00e4r FUCKING FABULOUS. Smaka sj\u00e4lv, s\u00e5 f\u00e5r du se.\" \/>\n<meta property=\"og:url\" content=\"https:\/\/www.hosgreta.se\/shop\/produkt\/haupt-fucking-fabulos\/\" \/>\n<meta property=\"og:site_name\" content=\"Hos Greta\" \/>\n<meta property=\"article:publisher\" content=\"https:\/\/www.facebook.com\/hosgreta\" \/>\n<meta property=\"article:modified_time\" content=\"2026-04-01T08:04:34+00:00\" \/>\n<meta property=\"og:image\" content=\"https:\/\/www.hosgreta.se\/shop\/wp-content\/uploads\/2021\/01\/Haupt-Fucking-Fabulos.jpg\" \/>\n\t<meta property=\"og:image:width\" content=\"510\" \/>\n\t<meta property=\"og:image:height\" content=\"510\" \/>\n\t<meta property=\"og:image:type\" content=\"image\/jpeg\" \/>\n<meta name=\"twitter:card\" content=\"summary_large_image\" \/>\n<script type=\"application\/ld+json\" class=\"yoast-schema-graph\">{\"@context\":\"https:\\\/\\\/schema.org\",\"@graph\":[{\"@type\":\"WebPage\",\"@id\":\"https:\\\/\\\/www.hosgreta.se\\\/shop\\\/produkt\\\/haupt-fucking-fabulos\\\/\",\"url\":\"https:\\\/\\\/www.hosgreta.se\\\/shop\\\/produkt\\\/haupt-fucking-fabulos\\\/\",\"name\":\"Haupt Fucking Fabulos - Hos Greta\",\"isPartOf\":{\"@id\":\"https:\\\/\\\/www.hosgreta.se\\\/shop\\\/#website\"},\"primaryImageOfPage\":{\"@id\":\"https:\\\/\\\/www.hosgreta.se\\\/shop\\\/produkt\\\/haupt-fucking-fabulos\\\/#primaryimage\"},\"image\":{\"@id\":\"https:\\\/\\\/www.hosgreta.se\\\/shop\\\/produkt\\\/haupt-fucking-fabulos\\\/#primaryimage\"},\"thumbnailUrl\":\"https:\\\/\\\/www.hosgreta.se\\\/shop\\\/wp-content\\\/uploads\\\/2021\\\/01\\\/Haupt-Fucking-Fabulos.jpg\",\"datePublished\":\"2021-01-27T09:07:22+00:00\",\"dateModified\":\"2026-04-01T08:04:34+00:00\",\"breadcrumb\":{\"@id\":\"https:\\\/\\\/www.hosgreta.se\\\/shop\\\/produkt\\\/haupt-fucking-fabulos\\\/#breadcrumb\"},\"inLanguage\":\"sv-SE\",\"potentialAction\":[{\"@type\":\"ReadAction\",\"target\":[\"https:\\\/\\\/www.hosgreta.se\\\/shop\\\/produkt\\\/haupt-fucking-fabulos\\\/\"]}]},{\"@type\":\"ImageObject\",\"inLanguage\":\"sv-SE\",\"@id\":\"https:\\\/\\\/www.hosgreta.se\\\/shop\\\/produkt\\\/haupt-fucking-fabulos\\\/#primaryimage\",\"url\":\"https:\\\/\\\/www.hosgreta.se\\\/shop\\\/wp-content\\\/uploads\\\/2021\\\/01\\\/Haupt-Fucking-Fabulos.jpg\",\"contentUrl\":\"https:\\\/\\\/www.hosgreta.se\\\/shop\\\/wp-content\\\/uploads\\\/2021\\\/01\\\/Haupt-Fucking-Fabulos.jpg\",\"width\":510,\"height\":510,\"caption\":\"Haupt Fucking Fabulos\"},{\"@type\":\"BreadcrumbList\",\"@id\":\"https:\\\/\\\/www.hosgreta.se\\\/shop\\\/produkt\\\/haupt-fucking-fabulos\\\/#breadcrumb\",\"itemListElement\":[{\"@type\":\"ListItem\",\"position\":1,\"name\":\"Hem\",\"item\":\"https:\\\/\\\/www.hosgreta.se\\\/shop\\\/\"},{\"@type\":\"ListItem\",\"position\":2,\"name\":\"Shop\",\"item\":\"https:\\\/\\\/www.hosgreta.se\\\/shop\\\/shop\\\/\"},{\"@type\":\"ListItem\",\"position\":3,\"name\":\"Haupt Fucking Fabulos\"}]},{\"@type\":\"WebSite\",\"@id\":\"https:\\\/\\\/www.hosgreta.se\\\/shop\\\/#website\",\"url\":\"https:\\\/\\\/www.hosgreta.se\\\/shop\\\/\",\"name\":\"Hos Greta\",\"description\":\"Vi v\u00e4ljer ut v\u00e5ra varum\u00e4rken med stor omsorg.\",\"publisher\":{\"@id\":\"https:\\\/\\\/www.hosgreta.se\\\/shop\\\/#organization\"},\"potentialAction\":[{\"@type\":\"SearchAction\",\"target\":{\"@type\":\"EntryPoint\",\"urlTemplate\":\"https:\\\/\\\/www.hosgreta.se\\\/shop\\\/?s={search_term_string}\"},\"query-input\":{\"@type\":\"PropertyValueSpecification\",\"valueRequired\":true,\"valueName\":\"search_term_string\"}}],\"inLanguage\":\"sv-SE\"},{\"@type\":\"Organization\",\"@id\":\"https:\\\/\\\/www.hosgreta.se\\\/shop\\\/#organization\",\"name\":\"Hos Greta\",\"url\":\"https:\\\/\\\/www.hosgreta.se\\\/shop\\\/\",\"logo\":{\"@type\":\"ImageObject\",\"inLanguage\":\"sv-SE\",\"@id\":\"https:\\\/\\\/www.hosgreta.se\\\/shop\\\/#\\\/schema\\\/logo\\\/image\\\/\",\"url\":\"https:\\\/\\\/www.hosgreta.se\\\/shop\\\/wp-content\\\/uploads\\\/2018\\\/03\\\/Logo_HosGreta_svart.png\",\"contentUrl\":\"https:\\\/\\\/www.hosgreta.se\\\/shop\\\/wp-content\\\/uploads\\\/2018\\\/03\\\/Logo_HosGreta_svart.png\",\"width\":851,\"height\":851,\"caption\":\"Hos Greta\"},\"image\":{\"@id\":\"https:\\\/\\\/www.hosgreta.se\\\/shop\\\/#\\\/schema\\\/logo\\\/image\\\/\"},\"sameAs\":[\"https:\\\/\\\/www.facebook.com\\\/hosgreta\",\"https:\\\/\\\/www.instagram.com\\\/hosgreta\"]}]}<\/script>\n<!-- \/ Yoast SEO plugin. -->","yoast_head_json":{"title":"Haupt Fucking Fabulos - Hos Greta","robots":{"index":"index","follow":"follow","max-snippet":"max-snippet:-1","max-image-preview":"max-image-preview:large","max-video-preview":"max-video-preview:-1"},"canonical":"https:\/\/www.hosgreta.se\/shop\/produkt\/haupt-fucking-fabulos\/","og_locale":"sv_SE","og_type":"article","og_title":"Haupt Fucking Fabulos - Hos Greta","og_description":"N\u00e4r 2020 startade var det rej\u00e4lt motigt. De p\u00e5 Haupt Lakrits tvivlade och sj\u00e4lvf\u00f6rtroendet var i botten. Sedan kom Covid-19\u2026 11 anst\u00e4llda blev 5 och de anade v\u00e4rsta t\u00e4nkbara scenario. Men. Tack vare er kunder lyckades de v\u00e4nda p\u00e5 allt.  Tillsammans med v\u00e4rldens mest fantastiska kunder har de skapat ett sortiment olikt alla andra p\u00e5 marknaden. Och de har aldrig haft roligare i fabriken. Fr\u00e5n botten av deras hj\u00e4rtan \u2013 TACK! Nu hyllar de dig f\u00f6r de tycker du \u00e4r FUCKING FABULOUS. Smaka sj\u00e4lv, s\u00e5 f\u00e5r du se.","og_url":"https:\/\/www.hosgreta.se\/shop\/produkt\/haupt-fucking-fabulos\/","og_site_name":"Hos Greta","article_publisher":"https:\/\/www.facebook.com\/hosgreta","article_modified_time":"2026-04-01T08:04:34+00:00","og_image":[{"width":510,"height":510,"url":"https:\/\/www.hosgreta.se\/shop\/wp-content\/uploads\/2021\/01\/Haupt-Fucking-Fabulos.jpg","type":"image\/jpeg"}],"twitter_card":"summary_large_image","schema":{"@context":"https:\/\/schema.org","@graph":[{"@type":"WebPage","@id":"https:\/\/www.hosgreta.se\/shop\/produkt\/haupt-fucking-fabulos\/","url":"https:\/\/www.hosgreta.se\/shop\/produkt\/haupt-fucking-fabulos\/","name":"Haupt Fucking Fabulos - Hos Greta","isPartOf":{"@id":"https:\/\/www.hosgreta.se\/shop\/#website"},"primaryImageOfPage":{"@id":"https:\/\/www.hosgreta.se\/shop\/produkt\/haupt-fucking-fabulos\/#primaryimage"},"image":{"@id":"https:\/\/www.hosgreta.se\/shop\/produkt\/haupt-fucking-fabulos\/#primaryimage"},"thumbnailUrl":"https:\/\/www.hosgreta.se\/shop\/wp-content\/uploads\/2021\/01\/Haupt-Fucking-Fabulos.jpg","datePublished":"2021-01-27T09:07:22+00:00","dateModified":"2026-04-01T08:04:34+00:00","breadcrumb":{"@id":"https:\/\/www.hosgreta.se\/shop\/produkt\/haupt-fucking-fabulos\/#breadcrumb"},"inLanguage":"sv-SE","potentialAction":[{"@type":"ReadAction","target":["https:\/\/www.hosgreta.se\/shop\/produkt\/haupt-fucking-fabulos\/"]}]},{"@type":"ImageObject","inLanguage":"sv-SE","@id":"https:\/\/www.hosgreta.se\/shop\/produkt\/haupt-fucking-fabulos\/#primaryimage","url":"https:\/\/www.hosgreta.se\/shop\/wp-content\/uploads\/2021\/01\/Haupt-Fucking-Fabulos.jpg","contentUrl":"https:\/\/www.hosgreta.se\/shop\/wp-content\/uploads\/2021\/01\/Haupt-Fucking-Fabulos.jpg","width":510,"height":510,"caption":"Haupt Fucking Fabulos"},{"@type":"BreadcrumbList","@id":"https:\/\/www.hosgreta.se\/shop\/produkt\/haupt-fucking-fabulos\/#breadcrumb","itemListElement":[{"@type":"ListItem","position":1,"name":"Hem","item":"https:\/\/www.hosgreta.se\/shop\/"},{"@type":"ListItem","position":2,"name":"Shop","item":"https:\/\/www.hosgreta.se\/shop\/shop\/"},{"@type":"ListItem","position":3,"name":"Haupt Fucking Fabulos"}]},{"@type":"WebSite","@id":"https:\/\/www.hosgreta.se\/shop\/#website","url":"https:\/\/www.hosgreta.se\/shop\/","name":"Hos Greta","description":"Vi v\u00e4ljer ut v\u00e5ra varum\u00e4rken med stor omsorg.","publisher":{"@id":"https:\/\/www.hosgreta.se\/shop\/#organization"},"potentialAction":[{"@type":"SearchAction","target":{"@type":"EntryPoint","urlTemplate":"https:\/\/www.hosgreta.se\/shop\/?s={search_term_string}"},"query-input":{"@type":"PropertyValueSpecification","valueRequired":true,"valueName":"search_term_string"}}],"inLanguage":"sv-SE"},{"@type":"Organization","@id":"https:\/\/www.hosgreta.se\/shop\/#organization","name":"Hos Greta","url":"https:\/\/www.hosgreta.se\/shop\/","logo":{"@type":"ImageObject","inLanguage":"sv-SE","@id":"https:\/\/www.hosgreta.se\/shop\/#\/schema\/logo\/image\/","url":"https:\/\/www.hosgreta.se\/shop\/wp-content\/uploads\/2018\/03\/Logo_HosGreta_svart.png","contentUrl":"https:\/\/www.hosgreta.se\/shop\/wp-content\/uploads\/2018\/03\/Logo_HosGreta_svart.png","width":851,"height":851,"caption":"Hos Greta"},"image":{"@id":"https:\/\/www.hosgreta.se\/shop\/#\/schema\/logo\/image\/"},"sameAs":["https:\/\/www.facebook.com\/hosgreta","https:\/\/www.instagram.com\/hosgreta"]}]}},"kroconnect":{"tax_rate":6,"price_inc_vat":{"regular_price":132.5},"price_ex_vat":{"regular_price":125}},"brands":[{"id":305,"name":"Haupt Lakrits","slug":"haupt-lakrits"}],"_links":{"self":[{"href":"https:\/\/www.hosgreta.se\/shop\/wp-json\/wp\/v2\/product\/223306","targetHints":{"allow":["GET"]}}],"collection":[{"href":"https:\/\/www.hosgreta.se\/shop\/wp-json\/wp\/v2\/product"}],"about":[{"href":"https:\/\/www.hosgreta.se\/shop\/wp-json\/wp\/v2\/types\/product"}],"replies":[{"embeddable":true,"href":"https:\/\/www.hosgreta.se\/shop\/wp-json\/wp\/v2\/comments?post=223306"}],"wp:featuredmedia":[{"embeddable":true,"href":"https:\/\/www.hosgreta.se\/shop\/wp-json\/wp\/v2\/media\/229295"}],"wp:attachment":[{"href":"https:\/\/www.hosgreta.se\/shop\/wp-json\/wp\/v2\/media?parent=223306"}],"wp:term":[{"taxonomy":"pwb-brand","embeddable":true,"href":"https:\/\/www.hosgreta.se\/shop\/wp-json\/wp\/v2\/pwb-brand?post=223306"},{"taxonomy":"product_brand","embeddable":true,"href":"https:\/\/www.hosgreta.se\/shop\/wp-json\/wp\/v2\/product_brand?post=223306"},{"taxonomy":"product_cat","embeddable":true,"href":"https:\/\/www.hosgreta.se\/shop\/wp-json\/wp\/v2\/product_cat?post=223306"},{"taxonomy":"product_tag","embeddable":true,"href":"https:\/\/www.hosgreta.se\/shop\/wp-json\/wp\/v2\/product_tag?post=223306"}],"curies":[{"name":"wp","href":"https:\/\/api.w.org\/{rel}","templated":true}]}}