{"id":2290,"date":"2018-03-26T11:40:11","date_gmt":"2018-03-26T09:40:11","guid":{"rendered":"https:\/\/www.hosgreta.se\/shop\/produkt\/solstickan-brandslckare-2kg-svart-med-svart-emblem\/"},"modified":"2026-04-02T13:54:57","modified_gmt":"2026-04-02T11:54:57","slug":"solstickan-brandslckare-2kg-svart-med-svart-emblem","status":"publish","type":"product","link":"https:\/\/www.hosgreta.se\/shop\/produkt\/solstickan-brandslckare-2kg-svart-med-svart-emblem\/","title":{"rendered":"Solstickan Brandsl\u00e4ckare 2 kg, svart med svart emblem"},"content":{"rendered":"<p>Brandklass: ABC<br \/>\nFylld med: Pulver<br \/>\nEffektivitetklass: 13A 89B C<br \/>\nCE-m\u00e4rkt<br \/>\nViktklass: 2 kg<br \/>\nVikt: 4 kg<br \/>\nF\u00e4rg: Svart med svart emblem<br \/>\nSvart v\u00e4ggf\u00e4ste och instruktioner medf\u00f6ljer.<br \/>\nPulversl\u00e4ckaren kan \u00e5terfyllas av beh\u00f6rig Servicetekniker.<\/p>\n<p>Solstickans brandsl\u00e4ckare \u00e4r producerade och kvalitetss\u00e4krade av Housegard, d\u00e4rf\u00f6r g\u00e4ller Housegards trygghetsgaranti \u00e4ven p\u00e5 alla brandsl\u00e4ckare fr\u00e5n Solstickan Design. L\u00e4s mer p\u00e5 Housegards<em> <a href=\"http:\/\/www.housegard.com\/housegard-trygghetsgaranti\/\">hemsida<\/a>.<\/em><\/p>\n","protected":false},"excerpt":{"rendered":"<p>Smidig och stilfull pulverbrandsl\u00e4ckare som passar utm\u00e4rkt f\u00f6r mindre utrymmen och som sl\u00e4cker de flesta mindre typer av br\u00e4nder.<\/p>\n","protected":false},"featured_media":2438,"comment_status":"closed","ping_status":"closed","template":"","meta":[],"pwb-brand":[176],"product_brand":[],"product_cat":[74,251],"product_tag":[],"class_list":{"0":"post-2290","1":"product","2":"type-product","3":"status-publish","4":"has-post-thumbnail","6":"pwb-brand-solstickan","7":"product_cat-inredning","8":"product_cat-sakerhet","10":"first","11":"outofstock","12":"taxable","13":"shipping-taxable","14":"purchasable","15":"product-type-simple"},"yoast_head":"<!-- This site is optimized with the Yoast SEO plugin v27.4 - https:\/\/yoast.com\/product\/yoast-seo-wordpress\/ -->\n<title>Solstickan Brandsl\u00e4ckare 2 kg, svart med svart emblem - Hos Greta<\/title>\n<meta name=\"robots\" content=\"index, follow, max-snippet:-1, max-image-preview:large, max-video-preview:-1\" \/>\n<link rel=\"canonical\" href=\"https:\/\/www.hosgreta.se\/shop\/produkt\/solstickan-brandslckare-2kg-svart-med-svart-emblem\/\" \/>\n<meta property=\"og:locale\" content=\"sv_SE\" \/>\n<meta property=\"og:type\" content=\"article\" \/>\n<meta property=\"og:title\" content=\"Solstickan Brandsl\u00e4ckare 2 kg, svart med svart emblem - Hos Greta\" \/>\n<meta property=\"og:description\" content=\"Smidig och stilfull pulverbrandsl\u00e4ckare som passar utm\u00e4rkt f\u00f6r mindre utrymmen och som sl\u00e4cker de flesta mindre typer av br\u00e4nder.\" \/>\n<meta property=\"og:url\" content=\"https:\/\/www.hosgreta.se\/shop\/produkt\/solstickan-brandslckare-2kg-svart-med-svart-emblem\/\" \/>\n<meta property=\"og:site_name\" content=\"Hos Greta\" \/>\n<meta property=\"article:publisher\" content=\"https:\/\/www.facebook.com\/hosgreta\" \/>\n<meta property=\"article:modified_time\" content=\"2026-04-02T11:54:57+00:00\" \/>\n<meta property=\"og:image\" content=\"https:\/\/www.hosgreta.se\/shop\/wp-content\/uploads\/2018\/03\/SOLSTICKAN-Brandsl\u00e4ckare-svart.jpg.gif\" \/>\n\t<meta property=\"og:image:width\" content=\"500\" \/>\n\t<meta property=\"og:image:height\" content=\"500\" \/>\n\t<meta property=\"og:image:type\" content=\"image\/gif\" \/>\n<meta name=\"twitter:card\" content=\"summary_large_image\" \/>\n<script type=\"application\/ld+json\" class=\"yoast-schema-graph\">{\"@context\":\"https:\\\/\\\/schema.org\",\"@graph\":[{\"@type\":\"WebPage\",\"@id\":\"https:\\\/\\\/www.hosgreta.se\\\/shop\\\/produkt\\\/solstickan-brandslckare-2kg-svart-med-svart-emblem\\\/\",\"url\":\"https:\\\/\\\/www.hosgreta.se\\\/shop\\\/produkt\\\/solstickan-brandslckare-2kg-svart-med-svart-emblem\\\/\",\"name\":\"Solstickan Brandsl\u00e4ckare 2 kg, svart med svart emblem - Hos Greta\",\"isPartOf\":{\"@id\":\"https:\\\/\\\/www.hosgreta.se\\\/shop\\\/#website\"},\"primaryImageOfPage\":{\"@id\":\"https:\\\/\\\/www.hosgreta.se\\\/shop\\\/produkt\\\/solstickan-brandslckare-2kg-svart-med-svart-emblem\\\/#primaryimage\"},\"image\":{\"@id\":\"https:\\\/\\\/www.hosgreta.se\\\/shop\\\/produkt\\\/solstickan-brandslckare-2kg-svart-med-svart-emblem\\\/#primaryimage\"},\"thumbnailUrl\":\"https:\\\/\\\/www.hosgreta.se\\\/shop\\\/wp-content\\\/uploads\\\/2018\\\/03\\\/SOLSTICKAN-Brandsl\u00e4ckare-svart.jpg.gif\",\"datePublished\":\"2018-03-26T09:40:11+00:00\",\"dateModified\":\"2026-04-02T11:54:57+00:00\",\"breadcrumb\":{\"@id\":\"https:\\\/\\\/www.hosgreta.se\\\/shop\\\/produkt\\\/solstickan-brandslckare-2kg-svart-med-svart-emblem\\\/#breadcrumb\"},\"inLanguage\":\"sv-SE\",\"potentialAction\":[{\"@type\":\"ReadAction\",\"target\":[\"https:\\\/\\\/www.hosgreta.se\\\/shop\\\/produkt\\\/solstickan-brandslckare-2kg-svart-med-svart-emblem\\\/\"]}]},{\"@type\":\"ImageObject\",\"inLanguage\":\"sv-SE\",\"@id\":\"https:\\\/\\\/www.hosgreta.se\\\/shop\\\/produkt\\\/solstickan-brandslckare-2kg-svart-med-svart-emblem\\\/#primaryimage\",\"url\":\"https:\\\/\\\/www.hosgreta.se\\\/shop\\\/wp-content\\\/uploads\\\/2018\\\/03\\\/SOLSTICKAN-Brandsl\u00e4ckare-svart.jpg.gif\",\"contentUrl\":\"https:\\\/\\\/www.hosgreta.se\\\/shop\\\/wp-content\\\/uploads\\\/2018\\\/03\\\/SOLSTICKAN-Brandsl\u00e4ckare-svart.jpg.gif\",\"width\":500,\"height\":500},{\"@type\":\"BreadcrumbList\",\"@id\":\"https:\\\/\\\/www.hosgreta.se\\\/shop\\\/produkt\\\/solstickan-brandslckare-2kg-svart-med-svart-emblem\\\/#breadcrumb\",\"itemListElement\":[{\"@type\":\"ListItem\",\"position\":1,\"name\":\"Hem\",\"item\":\"https:\\\/\\\/www.hosgreta.se\\\/shop\\\/\"},{\"@type\":\"ListItem\",\"position\":2,\"name\":\"Shop\",\"item\":\"https:\\\/\\\/www.hosgreta.se\\\/shop\\\/shop\\\/\"},{\"@type\":\"ListItem\",\"position\":3,\"name\":\"Solstickan Brandsl\u00e4ckare 2 kg, svart med svart emblem\"}]},{\"@type\":\"WebSite\",\"@id\":\"https:\\\/\\\/www.hosgreta.se\\\/shop\\\/#website\",\"url\":\"https:\\\/\\\/www.hosgreta.se\\\/shop\\\/\",\"name\":\"Hos Greta\",\"description\":\"Vi v\u00e4ljer ut v\u00e5ra varum\u00e4rken med stor omsorg.\",\"publisher\":{\"@id\":\"https:\\\/\\\/www.hosgreta.se\\\/shop\\\/#organization\"},\"potentialAction\":[{\"@type\":\"SearchAction\",\"target\":{\"@type\":\"EntryPoint\",\"urlTemplate\":\"https:\\\/\\\/www.hosgreta.se\\\/shop\\\/?s={search_term_string}\"},\"query-input\":{\"@type\":\"PropertyValueSpecification\",\"valueRequired\":true,\"valueName\":\"search_term_string\"}}],\"inLanguage\":\"sv-SE\"},{\"@type\":\"Organization\",\"@id\":\"https:\\\/\\\/www.hosgreta.se\\\/shop\\\/#organization\",\"name\":\"Hos Greta\",\"url\":\"https:\\\/\\\/www.hosgreta.se\\\/shop\\\/\",\"logo\":{\"@type\":\"ImageObject\",\"inLanguage\":\"sv-SE\",\"@id\":\"https:\\\/\\\/www.hosgreta.se\\\/shop\\\/#\\\/schema\\\/logo\\\/image\\\/\",\"url\":\"https:\\\/\\\/www.hosgreta.se\\\/shop\\\/wp-content\\\/uploads\\\/2018\\\/03\\\/Logo_HosGreta_svart.png\",\"contentUrl\":\"https:\\\/\\\/www.hosgreta.se\\\/shop\\\/wp-content\\\/uploads\\\/2018\\\/03\\\/Logo_HosGreta_svart.png\",\"width\":851,\"height\":851,\"caption\":\"Hos Greta\"},\"image\":{\"@id\":\"https:\\\/\\\/www.hosgreta.se\\\/shop\\\/#\\\/schema\\\/logo\\\/image\\\/\"},\"sameAs\":[\"https:\\\/\\\/www.facebook.com\\\/hosgreta\",\"https:\\\/\\\/www.instagram.com\\\/hosgreta\"]}]}<\/script>\n<!-- \/ Yoast SEO plugin. -->","yoast_head_json":{"title":"Solstickan Brandsl\u00e4ckare 2 kg, svart med svart emblem - Hos Greta","robots":{"index":"index","follow":"follow","max-snippet":"max-snippet:-1","max-image-preview":"max-image-preview:large","max-video-preview":"max-video-preview:-1"},"canonical":"https:\/\/www.hosgreta.se\/shop\/produkt\/solstickan-brandslckare-2kg-svart-med-svart-emblem\/","og_locale":"sv_SE","og_type":"article","og_title":"Solstickan Brandsl\u00e4ckare 2 kg, svart med svart emblem - Hos Greta","og_description":"Smidig och stilfull pulverbrandsl\u00e4ckare som passar utm\u00e4rkt f\u00f6r mindre utrymmen och som sl\u00e4cker de flesta mindre typer av br\u00e4nder.","og_url":"https:\/\/www.hosgreta.se\/shop\/produkt\/solstickan-brandslckare-2kg-svart-med-svart-emblem\/","og_site_name":"Hos Greta","article_publisher":"https:\/\/www.facebook.com\/hosgreta","article_modified_time":"2026-04-02T11:54:57+00:00","og_image":[{"width":500,"height":500,"url":"https:\/\/www.hosgreta.se\/shop\/wp-content\/uploads\/2018\/03\/SOLSTICKAN-Brandsl\u00e4ckare-svart.jpg.gif","type":"image\/gif"}],"twitter_card":"summary_large_image","schema":{"@context":"https:\/\/schema.org","@graph":[{"@type":"WebPage","@id":"https:\/\/www.hosgreta.se\/shop\/produkt\/solstickan-brandslckare-2kg-svart-med-svart-emblem\/","url":"https:\/\/www.hosgreta.se\/shop\/produkt\/solstickan-brandslckare-2kg-svart-med-svart-emblem\/","name":"Solstickan Brandsl\u00e4ckare 2 kg, svart med svart emblem - Hos Greta","isPartOf":{"@id":"https:\/\/www.hosgreta.se\/shop\/#website"},"primaryImageOfPage":{"@id":"https:\/\/www.hosgreta.se\/shop\/produkt\/solstickan-brandslckare-2kg-svart-med-svart-emblem\/#primaryimage"},"image":{"@id":"https:\/\/www.hosgreta.se\/shop\/produkt\/solstickan-brandslckare-2kg-svart-med-svart-emblem\/#primaryimage"},"thumbnailUrl":"https:\/\/www.hosgreta.se\/shop\/wp-content\/uploads\/2018\/03\/SOLSTICKAN-Brandsl\u00e4ckare-svart.jpg.gif","datePublished":"2018-03-26T09:40:11+00:00","dateModified":"2026-04-02T11:54:57+00:00","breadcrumb":{"@id":"https:\/\/www.hosgreta.se\/shop\/produkt\/solstickan-brandslckare-2kg-svart-med-svart-emblem\/#breadcrumb"},"inLanguage":"sv-SE","potentialAction":[{"@type":"ReadAction","target":["https:\/\/www.hosgreta.se\/shop\/produkt\/solstickan-brandslckare-2kg-svart-med-svart-emblem\/"]}]},{"@type":"ImageObject","inLanguage":"sv-SE","@id":"https:\/\/www.hosgreta.se\/shop\/produkt\/solstickan-brandslckare-2kg-svart-med-svart-emblem\/#primaryimage","url":"https:\/\/www.hosgreta.se\/shop\/wp-content\/uploads\/2018\/03\/SOLSTICKAN-Brandsl\u00e4ckare-svart.jpg.gif","contentUrl":"https:\/\/www.hosgreta.se\/shop\/wp-content\/uploads\/2018\/03\/SOLSTICKAN-Brandsl\u00e4ckare-svart.jpg.gif","width":500,"height":500},{"@type":"BreadcrumbList","@id":"https:\/\/www.hosgreta.se\/shop\/produkt\/solstickan-brandslckare-2kg-svart-med-svart-emblem\/#breadcrumb","itemListElement":[{"@type":"ListItem","position":1,"name":"Hem","item":"https:\/\/www.hosgreta.se\/shop\/"},{"@type":"ListItem","position":2,"name":"Shop","item":"https:\/\/www.hosgreta.se\/shop\/shop\/"},{"@type":"ListItem","position":3,"name":"Solstickan Brandsl\u00e4ckare 2 kg, svart med svart emblem"}]},{"@type":"WebSite","@id":"https:\/\/www.hosgreta.se\/shop\/#website","url":"https:\/\/www.hosgreta.se\/shop\/","name":"Hos Greta","description":"Vi v\u00e4ljer ut v\u00e5ra varum\u00e4rken med stor omsorg.","publisher":{"@id":"https:\/\/www.hosgreta.se\/shop\/#organization"},"potentialAction":[{"@type":"SearchAction","target":{"@type":"EntryPoint","urlTemplate":"https:\/\/www.hosgreta.se\/shop\/?s={search_term_string}"},"query-input":{"@type":"PropertyValueSpecification","valueRequired":true,"valueName":"search_term_string"}}],"inLanguage":"sv-SE"},{"@type":"Organization","@id":"https:\/\/www.hosgreta.se\/shop\/#organization","name":"Hos Greta","url":"https:\/\/www.hosgreta.se\/shop\/","logo":{"@type":"ImageObject","inLanguage":"sv-SE","@id":"https:\/\/www.hosgreta.se\/shop\/#\/schema\/logo\/image\/","url":"https:\/\/www.hosgreta.se\/shop\/wp-content\/uploads\/2018\/03\/Logo_HosGreta_svart.png","contentUrl":"https:\/\/www.hosgreta.se\/shop\/wp-content\/uploads\/2018\/03\/Logo_HosGreta_svart.png","width":851,"height":851,"caption":"Hos Greta"},"image":{"@id":"https:\/\/www.hosgreta.se\/shop\/#\/schema\/logo\/image\/"},"sameAs":["https:\/\/www.facebook.com\/hosgreta","https:\/\/www.instagram.com\/hosgreta"]}]}},"kroconnect":{"tax_rate":25,"price_inc_vat":{"regular_price":995},"price_ex_vat":{"regular_price":796}},"brands":[{"id":176,"name":"Solstickan","slug":"solstickan"}],"_links":{"self":[{"href":"https:\/\/www.hosgreta.se\/shop\/wp-json\/wp\/v2\/product\/2290","targetHints":{"allow":["GET"]}}],"collection":[{"href":"https:\/\/www.hosgreta.se\/shop\/wp-json\/wp\/v2\/product"}],"about":[{"href":"https:\/\/www.hosgreta.se\/shop\/wp-json\/wp\/v2\/types\/product"}],"replies":[{"embeddable":true,"href":"https:\/\/www.hosgreta.se\/shop\/wp-json\/wp\/v2\/comments?post=2290"}],"wp:featuredmedia":[{"embeddable":true,"href":"https:\/\/www.hosgreta.se\/shop\/wp-json\/wp\/v2\/media\/2438"}],"wp:attachment":[{"href":"https:\/\/www.hosgreta.se\/shop\/wp-json\/wp\/v2\/media?parent=2290"}],"wp:term":[{"taxonomy":"pwb-brand","embeddable":true,"href":"https:\/\/www.hosgreta.se\/shop\/wp-json\/wp\/v2\/pwb-brand?post=2290"},{"taxonomy":"product_brand","embeddable":true,"href":"https:\/\/www.hosgreta.se\/shop\/wp-json\/wp\/v2\/product_brand?post=2290"},{"taxonomy":"product_cat","embeddable":true,"href":"https:\/\/www.hosgreta.se\/shop\/wp-json\/wp\/v2\/product_cat?post=2290"},{"taxonomy":"product_tag","embeddable":true,"href":"https:\/\/www.hosgreta.se\/shop\/wp-json\/wp\/v2\/product_tag?post=2290"}],"curies":[{"name":"wp","href":"https:\/\/api.w.org\/{rel}","templated":true}]}}