{"id":384656,"date":"2025-03-18T21:09:02","date_gmt":"2025-03-18T20:09:02","guid":{"rendered":"https:\/\/www.hosgreta.se\/shop\/?post_type=product&#038;p=384656"},"modified":"2026-04-01T11:58:59","modified_gmt":"2026-04-01T09:58:59","slug":"majas-cottage-gavopase-happy-easter","status":"publish","type":"product","link":"https:\/\/www.hosgreta.se\/shop\/produkt\/majas-cottage-gavopase-happy-easter\/","title":{"rendered":"Majas Cottage G\u00e5vop\u00e5se Happy Easter"},"content":{"rendered":"<p>Tillverkade av 180 g fineart obestruket matt papper samt med tvinnade pappershandtag<br \/>\nStorlek: 18x23x9 cm<br \/>\nS\u00e4ljs med 10% f\u00f6rm\u00e5n till Barncancerfonden<\/p>\n","protected":false},"excerpt":{"rendered":"<p>Majas g\u00e5vop\u00e5sar \u00e4r t\u00e4nkta att sprida gl\u00e4dje och inge hopp, en g\u00e5vop\u00e5se med det d\u00e4r lilla extra som uppskattas.<\/p>\n<p>Text: Happy Easter<\/p>\n","protected":false},"featured_media":384875,"comment_status":"closed","ping_status":"closed","template":"","meta":[],"pwb-brand":[199],"product_brand":[],"product_cat":[293,95],"product_tag":[],"class_list":{"0":"post-384656","1":"product","2":"type-product","3":"status-publish","4":"has-post-thumbnail","6":"pwb-brand-majas-cottage","7":"product_cat-pask","8":"product_cat-till-presenten","10":"first","11":"outofstock","12":"taxable","13":"shipping-taxable","14":"purchasable","15":"product-type-simple"},"yoast_head":"<!-- This site is optimized with the Yoast SEO plugin v27.5 - https:\/\/yoast.com\/product\/yoast-seo-wordpress\/ -->\n<title>Majas Cottage G\u00e5vop\u00e5se Happy Easter - Hos Greta<\/title>\n<meta name=\"description\" content=\"Majas Cottage, s\u00e4ljs med 10% f\u00f6rm\u00e5n till Barncancerfonden.\" \/>\n<meta name=\"robots\" content=\"index, follow, max-snippet:-1, max-image-preview:large, max-video-preview:-1\" \/>\n<link rel=\"canonical\" href=\"https:\/\/www.hosgreta.se\/shop\/produkt\/majas-cottage-gavopase-happy-easter\/\" \/>\n<meta property=\"og:locale\" content=\"sv_SE\" \/>\n<meta property=\"og:type\" content=\"article\" \/>\n<meta property=\"og:title\" content=\"Majas Cottage G\u00e5vop\u00e5se Happy Easter - Hos Greta\" \/>\n<meta property=\"og:description\" content=\"Majas Cottage, s\u00e4ljs med 10% f\u00f6rm\u00e5n till Barncancerfonden.\" \/>\n<meta property=\"og:url\" content=\"https:\/\/www.hosgreta.se\/shop\/produkt\/majas-cottage-gavopase-happy-easter\/\" \/>\n<meta property=\"og:site_name\" content=\"Hos Greta\" \/>\n<meta property=\"article:publisher\" content=\"https:\/\/www.facebook.com\/hosgreta\" \/>\n<meta property=\"article:modified_time\" content=\"2026-04-01T09:58:59+00:00\" \/>\n<meta property=\"og:image\" content=\"https:\/\/www.hosgreta.se\/shop\/wp-content\/uploads\/2025\/03\/Majas-Cottage-Gavopase-Happy-Easter.jpg\" \/>\n\t<meta property=\"og:image:width\" content=\"779\" \/>\n\t<meta property=\"og:image:height\" content=\"779\" \/>\n\t<meta property=\"og:image:type\" content=\"image\/jpeg\" \/>\n<meta name=\"twitter:card\" content=\"summary_large_image\" \/>\n<meta name=\"twitter:label1\" content=\"Ber\u00e4knad l\u00e4stid\" \/>\n\t<meta name=\"twitter:data1\" content=\"1 minut\" \/>\n<script type=\"application\/ld+json\" class=\"yoast-schema-graph\">{\"@context\":\"https:\\\/\\\/schema.org\",\"@graph\":[{\"@type\":\"WebPage\",\"@id\":\"https:\\\/\\\/www.hosgreta.se\\\/shop\\\/produkt\\\/majas-cottage-gavopase-happy-easter\\\/\",\"url\":\"https:\\\/\\\/www.hosgreta.se\\\/shop\\\/produkt\\\/majas-cottage-gavopase-happy-easter\\\/\",\"name\":\"Majas Cottage G\u00e5vop\u00e5se Happy Easter - Hos Greta\",\"isPartOf\":{\"@id\":\"https:\\\/\\\/www.hosgreta.se\\\/shop\\\/#website\"},\"primaryImageOfPage\":{\"@id\":\"https:\\\/\\\/www.hosgreta.se\\\/shop\\\/produkt\\\/majas-cottage-gavopase-happy-easter\\\/#primaryimage\"},\"image\":{\"@id\":\"https:\\\/\\\/www.hosgreta.se\\\/shop\\\/produkt\\\/majas-cottage-gavopase-happy-easter\\\/#primaryimage\"},\"thumbnailUrl\":\"https:\\\/\\\/www.hosgreta.se\\\/shop\\\/wp-content\\\/uploads\\\/2025\\\/03\\\/Majas-Cottage-Gavopase-Happy-Easter.jpg\",\"datePublished\":\"2025-03-18T20:09:02+00:00\",\"dateModified\":\"2026-04-01T09:58:59+00:00\",\"description\":\"Majas Cottage, s\u00e4ljs med 10% f\u00f6rm\u00e5n till Barncancerfonden.\",\"breadcrumb\":{\"@id\":\"https:\\\/\\\/www.hosgreta.se\\\/shop\\\/produkt\\\/majas-cottage-gavopase-happy-easter\\\/#breadcrumb\"},\"inLanguage\":\"sv-SE\",\"potentialAction\":[{\"@type\":\"ReadAction\",\"target\":[\"https:\\\/\\\/www.hosgreta.se\\\/shop\\\/produkt\\\/majas-cottage-gavopase-happy-easter\\\/\"]}]},{\"@type\":\"ImageObject\",\"inLanguage\":\"sv-SE\",\"@id\":\"https:\\\/\\\/www.hosgreta.se\\\/shop\\\/produkt\\\/majas-cottage-gavopase-happy-easter\\\/#primaryimage\",\"url\":\"https:\\\/\\\/www.hosgreta.se\\\/shop\\\/wp-content\\\/uploads\\\/2025\\\/03\\\/Majas-Cottage-Gavopase-Happy-Easter.jpg\",\"contentUrl\":\"https:\\\/\\\/www.hosgreta.se\\\/shop\\\/wp-content\\\/uploads\\\/2025\\\/03\\\/Majas-Cottage-Gavopase-Happy-Easter.jpg\",\"width\":779,\"height\":779,\"caption\":\"Majas Cottage G\u00e5vop\u00e5se Happy Easter\"},{\"@type\":\"BreadcrumbList\",\"@id\":\"https:\\\/\\\/www.hosgreta.se\\\/shop\\\/produkt\\\/majas-cottage-gavopase-happy-easter\\\/#breadcrumb\",\"itemListElement\":[{\"@type\":\"ListItem\",\"position\":1,\"name\":\"Hem\",\"item\":\"https:\\\/\\\/www.hosgreta.se\\\/shop\\\/\"},{\"@type\":\"ListItem\",\"position\":2,\"name\":\"Shop\",\"item\":\"https:\\\/\\\/www.hosgreta.se\\\/shop\\\/shop\\\/\"},{\"@type\":\"ListItem\",\"position\":3,\"name\":\"Majas Cottage G\u00e5vop\u00e5se Happy Easter\"}]},{\"@type\":\"WebSite\",\"@id\":\"https:\\\/\\\/www.hosgreta.se\\\/shop\\\/#website\",\"url\":\"https:\\\/\\\/www.hosgreta.se\\\/shop\\\/\",\"name\":\"Hos Greta\",\"description\":\"Vi v\u00e4ljer ut v\u00e5ra varum\u00e4rken med stor omsorg.\",\"publisher\":{\"@id\":\"https:\\\/\\\/www.hosgreta.se\\\/shop\\\/#organization\"},\"potentialAction\":[{\"@type\":\"SearchAction\",\"target\":{\"@type\":\"EntryPoint\",\"urlTemplate\":\"https:\\\/\\\/www.hosgreta.se\\\/shop\\\/?s={search_term_string}\"},\"query-input\":{\"@type\":\"PropertyValueSpecification\",\"valueRequired\":true,\"valueName\":\"search_term_string\"}}],\"inLanguage\":\"sv-SE\"},{\"@type\":\"Organization\",\"@id\":\"https:\\\/\\\/www.hosgreta.se\\\/shop\\\/#organization\",\"name\":\"Hos Greta\",\"url\":\"https:\\\/\\\/www.hosgreta.se\\\/shop\\\/\",\"logo\":{\"@type\":\"ImageObject\",\"inLanguage\":\"sv-SE\",\"@id\":\"https:\\\/\\\/www.hosgreta.se\\\/shop\\\/#\\\/schema\\\/logo\\\/image\\\/\",\"url\":\"https:\\\/\\\/www.hosgreta.se\\\/shop\\\/wp-content\\\/uploads\\\/2018\\\/03\\\/Logo_HosGreta_svart.png\",\"contentUrl\":\"https:\\\/\\\/www.hosgreta.se\\\/shop\\\/wp-content\\\/uploads\\\/2018\\\/03\\\/Logo_HosGreta_svart.png\",\"width\":851,\"height\":851,\"caption\":\"Hos Greta\"},\"image\":{\"@id\":\"https:\\\/\\\/www.hosgreta.se\\\/shop\\\/#\\\/schema\\\/logo\\\/image\\\/\"},\"sameAs\":[\"https:\\\/\\\/www.facebook.com\\\/hosgreta\",\"https:\\\/\\\/www.instagram.com\\\/hosgreta\"]}]}<\/script>\n<!-- \/ Yoast SEO plugin. -->","yoast_head_json":{"title":"Majas Cottage G\u00e5vop\u00e5se Happy Easter - Hos Greta","description":"Majas Cottage, s\u00e4ljs med 10% f\u00f6rm\u00e5n till Barncancerfonden.","robots":{"index":"index","follow":"follow","max-snippet":"max-snippet:-1","max-image-preview":"max-image-preview:large","max-video-preview":"max-video-preview:-1"},"canonical":"https:\/\/www.hosgreta.se\/shop\/produkt\/majas-cottage-gavopase-happy-easter\/","og_locale":"sv_SE","og_type":"article","og_title":"Majas Cottage G\u00e5vop\u00e5se Happy Easter - Hos Greta","og_description":"Majas Cottage, s\u00e4ljs med 10% f\u00f6rm\u00e5n till Barncancerfonden.","og_url":"https:\/\/www.hosgreta.se\/shop\/produkt\/majas-cottage-gavopase-happy-easter\/","og_site_name":"Hos Greta","article_publisher":"https:\/\/www.facebook.com\/hosgreta","article_modified_time":"2026-04-01T09:58:59+00:00","og_image":[{"width":779,"height":779,"url":"https:\/\/www.hosgreta.se\/shop\/wp-content\/uploads\/2025\/03\/Majas-Cottage-Gavopase-Happy-Easter.jpg","type":"image\/jpeg"}],"twitter_card":"summary_large_image","twitter_misc":{"Ber\u00e4knad l\u00e4stid":"1 minut"},"schema":{"@context":"https:\/\/schema.org","@graph":[{"@type":"WebPage","@id":"https:\/\/www.hosgreta.se\/shop\/produkt\/majas-cottage-gavopase-happy-easter\/","url":"https:\/\/www.hosgreta.se\/shop\/produkt\/majas-cottage-gavopase-happy-easter\/","name":"Majas Cottage G\u00e5vop\u00e5se Happy Easter - Hos Greta","isPartOf":{"@id":"https:\/\/www.hosgreta.se\/shop\/#website"},"primaryImageOfPage":{"@id":"https:\/\/www.hosgreta.se\/shop\/produkt\/majas-cottage-gavopase-happy-easter\/#primaryimage"},"image":{"@id":"https:\/\/www.hosgreta.se\/shop\/produkt\/majas-cottage-gavopase-happy-easter\/#primaryimage"},"thumbnailUrl":"https:\/\/www.hosgreta.se\/shop\/wp-content\/uploads\/2025\/03\/Majas-Cottage-Gavopase-Happy-Easter.jpg","datePublished":"2025-03-18T20:09:02+00:00","dateModified":"2026-04-01T09:58:59+00:00","description":"Majas Cottage, s\u00e4ljs med 10% f\u00f6rm\u00e5n till Barncancerfonden.","breadcrumb":{"@id":"https:\/\/www.hosgreta.se\/shop\/produkt\/majas-cottage-gavopase-happy-easter\/#breadcrumb"},"inLanguage":"sv-SE","potentialAction":[{"@type":"ReadAction","target":["https:\/\/www.hosgreta.se\/shop\/produkt\/majas-cottage-gavopase-happy-easter\/"]}]},{"@type":"ImageObject","inLanguage":"sv-SE","@id":"https:\/\/www.hosgreta.se\/shop\/produkt\/majas-cottage-gavopase-happy-easter\/#primaryimage","url":"https:\/\/www.hosgreta.se\/shop\/wp-content\/uploads\/2025\/03\/Majas-Cottage-Gavopase-Happy-Easter.jpg","contentUrl":"https:\/\/www.hosgreta.se\/shop\/wp-content\/uploads\/2025\/03\/Majas-Cottage-Gavopase-Happy-Easter.jpg","width":779,"height":779,"caption":"Majas Cottage G\u00e5vop\u00e5se Happy Easter"},{"@type":"BreadcrumbList","@id":"https:\/\/www.hosgreta.se\/shop\/produkt\/majas-cottage-gavopase-happy-easter\/#breadcrumb","itemListElement":[{"@type":"ListItem","position":1,"name":"Hem","item":"https:\/\/www.hosgreta.se\/shop\/"},{"@type":"ListItem","position":2,"name":"Shop","item":"https:\/\/www.hosgreta.se\/shop\/shop\/"},{"@type":"ListItem","position":3,"name":"Majas Cottage G\u00e5vop\u00e5se Happy Easter"}]},{"@type":"WebSite","@id":"https:\/\/www.hosgreta.se\/shop\/#website","url":"https:\/\/www.hosgreta.se\/shop\/","name":"Hos Greta","description":"Vi v\u00e4ljer ut v\u00e5ra varum\u00e4rken med stor omsorg.","publisher":{"@id":"https:\/\/www.hosgreta.se\/shop\/#organization"},"potentialAction":[{"@type":"SearchAction","target":{"@type":"EntryPoint","urlTemplate":"https:\/\/www.hosgreta.se\/shop\/?s={search_term_string}"},"query-input":{"@type":"PropertyValueSpecification","valueRequired":true,"valueName":"search_term_string"}}],"inLanguage":"sv-SE"},{"@type":"Organization","@id":"https:\/\/www.hosgreta.se\/shop\/#organization","name":"Hos Greta","url":"https:\/\/www.hosgreta.se\/shop\/","logo":{"@type":"ImageObject","inLanguage":"sv-SE","@id":"https:\/\/www.hosgreta.se\/shop\/#\/schema\/logo\/image\/","url":"https:\/\/www.hosgreta.se\/shop\/wp-content\/uploads\/2018\/03\/Logo_HosGreta_svart.png","contentUrl":"https:\/\/www.hosgreta.se\/shop\/wp-content\/uploads\/2018\/03\/Logo_HosGreta_svart.png","width":851,"height":851,"caption":"Hos Greta"},"image":{"@id":"https:\/\/www.hosgreta.se\/shop\/#\/schema\/logo\/image\/"},"sameAs":["https:\/\/www.facebook.com\/hosgreta","https:\/\/www.instagram.com\/hosgreta"]}]}},"kroconnect":{"tax_rate":25,"price_inc_vat":{"regular_price":39},"price_ex_vat":{"regular_price":31.2}},"brands":[{"id":199,"name":"Majas Cottage","slug":"majas-cottage"}],"_links":{"self":[{"href":"https:\/\/www.hosgreta.se\/shop\/wp-json\/wp\/v2\/product\/384656","targetHints":{"allow":["GET"]}}],"collection":[{"href":"https:\/\/www.hosgreta.se\/shop\/wp-json\/wp\/v2\/product"}],"about":[{"href":"https:\/\/www.hosgreta.se\/shop\/wp-json\/wp\/v2\/types\/product"}],"replies":[{"embeddable":true,"href":"https:\/\/www.hosgreta.se\/shop\/wp-json\/wp\/v2\/comments?post=384656"}],"wp:featuredmedia":[{"embeddable":true,"href":"https:\/\/www.hosgreta.se\/shop\/wp-json\/wp\/v2\/media\/384875"}],"wp:attachment":[{"href":"https:\/\/www.hosgreta.se\/shop\/wp-json\/wp\/v2\/media?parent=384656"}],"wp:term":[{"taxonomy":"pwb-brand","embeddable":true,"href":"https:\/\/www.hosgreta.se\/shop\/wp-json\/wp\/v2\/pwb-brand?post=384656"},{"taxonomy":"product_brand","embeddable":true,"href":"https:\/\/www.hosgreta.se\/shop\/wp-json\/wp\/v2\/product_brand?post=384656"},{"taxonomy":"product_cat","embeddable":true,"href":"https:\/\/www.hosgreta.se\/shop\/wp-json\/wp\/v2\/product_cat?post=384656"},{"taxonomy":"product_tag","embeddable":true,"href":"https:\/\/www.hosgreta.se\/shop\/wp-json\/wp\/v2\/product_tag?post=384656"}],"curies":[{"name":"wp","href":"https:\/\/api.w.org\/{rel}","templated":true}]}}